{"id":43,"date":"2024-05-28T18:51:00","date_gmt":"2024-05-28T21:51:00","guid":{"rendered":"https:\/\/estilingueprofissional.com.br\/web\/?page_id=43"},"modified":"2024-06-02T11:12:09","modified_gmt":"2024-06-02T14:12:09","slug":"cuidados-com-as-borrachas-do-estilingue","status":"publish","type":"page","link":"https:\/\/estilingueprofissional.com.br\/web\/cuidados-com-as-borrachas-do-estilingue\/","title":{"rendered":"Cuidados Com as Borrachas do Estilingue"},"content":{"rendered":"\n<p><\/p>\n\n\n\n<h2 class=\"wp-block-heading\">Faixas el\u00e1sticas em oferta!<\/h2>\n\n\n\n<div class=\"wp-block-columns is-layout-flex wp-container-core-columns-is-layout-9d6595d7 wp-block-columns-is-layout-flex\">\n<div class=\"wp-block-column is-layout-flow wp-block-column-is-layout-flow\">\n<figure class=\"wp-block-image size-large\"><a href=\"https:\/\/shope.ee\/89vpvBLcY4\" target=\"_blank\" rel=\"noreferrer noopener\"><img loading=\"lazy\" decoding=\"async\" width=\"1024\" height=\"1024\" src=\"https:\/\/estilingueprofissional.com.br\/web\/wp-content\/uploads\/048-1024x1024.jpg\" alt=\"\" class=\"wp-image-290\" srcset=\"https:\/\/estilingueprofissional.com.br\/web\/wp-content\/uploads\/048-1024x1024.jpg 1024w, https:\/\/estilingueprofissional.com.br\/web\/wp-content\/uploads\/048-300x300.jpg 300w, https:\/\/estilingueprofissional.com.br\/web\/wp-content\/uploads\/048-150x150.jpg 150w, https:\/\/estilingueprofissional.com.br\/web\/wp-content\/uploads\/048-768x768.jpg 768w, https:\/\/estilingueprofissional.com.br\/web\/wp-content\/uploads\/048.jpg 1080w\" sizes=\"auto, (max-width: 1024px) 100vw, 1024px\" \/><\/a><figcaption class=\"wp-element-caption\"><strong><a href=\"https:\/\/shope.ee\/89vpvBLcY4\" target=\"_blank\" rel=\"noreferrer noopener\">Clique para ver oferta<\/a><\/strong><\/figcaption><\/figure>\n<\/div>\n\n\n\n<div class=\"wp-block-column is-layout-flow wp-block-column-is-layout-flow\">\n<figure class=\"wp-block-image size-full\"><a href=\"https:\/\/shope.ee\/1At0bX3Crd\" target=\"_blank\" rel=\"noreferrer noopener\"><img loading=\"lazy\" decoding=\"async\" width=\"932\" height=\"932\" src=\"https:\/\/estilingueprofissional.com.br\/web\/wp-content\/uploads\/049.jpg\" alt=\"\" class=\"wp-image-291\" srcset=\"https:\/\/estilingueprofissional.com.br\/web\/wp-content\/uploads\/049.jpg 932w, https:\/\/estilingueprofissional.com.br\/web\/wp-content\/uploads\/049-300x300.jpg 300w, https:\/\/estilingueprofissional.com.br\/web\/wp-content\/uploads\/049-150x150.jpg 150w, https:\/\/estilingueprofissional.com.br\/web\/wp-content\/uploads\/049-768x768.jpg 768w\" sizes=\"auto, (max-width: 932px) 100vw, 932px\" \/><\/a><figcaption class=\"wp-element-caption\"><a href=\"https:\/\/shope.ee\/1At0bX3Crd\" target=\"_blank\" rel=\"noreferrer noopener\">Clique para ver oferta<\/a><\/figcaption><\/figure>\n<\/div>\n\n\n\n<div class=\"wp-block-column is-layout-flow wp-block-column-is-layout-flow\">\n<figure class=\"wp-block-image size-large\"><a href=\"https:\/\/shope.ee\/a8FO77Qn\" target=\"_blank\" rel=\"noreferrer noopener\"><img loading=\"lazy\" decoding=\"async\" width=\"1024\" height=\"1024\" src=\"https:\/\/estilingueprofissional.com.br\/web\/wp-content\/uploads\/050-1024x1024.jpg\" alt=\"\" class=\"wp-image-292\" srcset=\"https:\/\/estilingueprofissional.com.br\/web\/wp-content\/uploads\/050-1024x1024.jpg 1024w, https:\/\/estilingueprofissional.com.br\/web\/wp-content\/uploads\/050-300x300.jpg 300w, https:\/\/estilingueprofissional.com.br\/web\/wp-content\/uploads\/050-150x150.jpg 150w, https:\/\/estilingueprofissional.com.br\/web\/wp-content\/uploads\/050-768x768.jpg 768w, https:\/\/estilingueprofissional.com.br\/web\/wp-content\/uploads\/050.jpg 1080w\" sizes=\"auto, (max-width: 1024px) 100vw, 1024px\" \/><\/a><figcaption class=\"wp-element-caption\"><a href=\"https:\/\/shope.ee\/a8FO77Qn\" target=\"_blank\" rel=\"noreferrer noopener\">Clique para ver oferta<\/a><\/figcaption><\/figure>\n<\/div>\n\n\n\n<div class=\"wp-block-column is-layout-flow wp-block-column-is-layout-flow\">\n<figure class=\"wp-block-image size-large\"><a href=\"https:\/\/shope.ee\/9pGPQy3kqG\" target=\"_blank\" rel=\"noreferrer noopener\"><img loading=\"lazy\" decoding=\"async\" width=\"1024\" height=\"1024\" src=\"https:\/\/estilingueprofissional.com.br\/web\/wp-content\/uploads\/051-1024x1024.jpg\" alt=\"\" class=\"wp-image-293\" srcset=\"https:\/\/estilingueprofissional.com.br\/web\/wp-content\/uploads\/051-1024x1024.jpg 1024w, https:\/\/estilingueprofissional.com.br\/web\/wp-content\/uploads\/051-300x300.jpg 300w, https:\/\/estilingueprofissional.com.br\/web\/wp-content\/uploads\/051-150x150.jpg 150w, https:\/\/estilingueprofissional.com.br\/web\/wp-content\/uploads\/051-768x768.jpg 768w, https:\/\/estilingueprofissional.com.br\/web\/wp-content\/uploads\/051.jpg 1080w\" sizes=\"auto, (max-width: 1024px) 100vw, 1024px\" \/><\/a><figcaption class=\"wp-element-caption\"><a href=\"https:\/\/shope.ee\/9pGPQy3kqG\" target=\"_blank\" rel=\"noreferrer noopener\">Clique para ver oferta<\/a><\/figcaption><\/figure>\n<\/div>\n<\/div>\n\n\n\n<p>Se tem uma experi\u00eancia muito desagrad\u00e1vel \u00e9 voc\u00ea comprar faixas el\u00e1sticas ou tripa de mico para o seu estilingue, guardar durante algum tempo e na hora em que voc\u00ea vai usar, est\u00e1 tudo grudado e melequento!<br>Pois \u00e9 amigos&#8230; isto acontece com muita gente!<br>E como voc\u00ea sabe, os el\u00e1sticos s\u00e3o a vida do estilingue, sem eles estilingue n\u00e3o \u00e9 estilingue! (Agora fui fundo na filosofia, hein!!??).<br>Brincadeiras \u00e0 parte, todos sabemos que as borrachas s\u00e3o um investimento dispendioso e sempre necess\u00e1rio, principalmente se voc\u00ea \u00e9 um praticante inveterado de tiro ao alvo com estilingue.<br>Os cuidados para com o estilingue no geral, tanto para a forquilha como para as borrachas, s\u00e3o simples e tomam pouco tempo.<br>O principal cuidado \u00e9 manter o seu estilingue guardado em local seco e fora da luz solar.<br>Locais \u00famidos oferecem riscos principalmente para as forquilhas em madeira, tornando-as mais vulner\u00e1veis a a\u00e7\u00e3o de fungos e dos tem\u00edveis cupins. Para os el\u00e1sticos tamb\u00e9m, pois a hidrata\u00e7\u00e3o deste tipo de borracha \u00e9 o silicone, ingrediente que \u00e9 muito afetado pela a\u00e7\u00e3o da umidade, tornando os el\u00e1sticos mais fr\u00e1geis.<br>Por outro lado, a luz tem um efeito extremamente nocivo para os el\u00e1sticos.<\/p>\n\n\n\n<p>Os el\u00e1sticos (faixas e tubulares) devem ser guardados em local seco, fora da a\u00e7\u00e3o da luz e calor solar e sobretudo devem ser lubrificados com talco sem perfume ou algum polvilho antiss\u00e9ptico.<\/p>\n\n\n\n<p>Pessoalmente, costumo fazer o seguinte: ao receber as fitas e tripas de mico, imediatamente j\u00e1 abro as embalagens e desenrolo as fitas, jogo o polvilho sem exagerar, espalho em toda extens\u00e3o da banda el\u00e1stica e depois enrolo e guardo num saco pl\u00e1stico, onde jogo mais um pouco de polvilho antes de fechar. No caso das tripas de mico, desenrolo e junto as duas pontas deixando o buraco virado para cima. Coloco dentro da tripa de mico umas 2 colheres de ch\u00e1 de polvilho para cada 5 metros de tripa de mico. Tampo os buracos, dou uma sacudida para espalhar o polvilho por dentro, enrolo e coloco num saco pl\u00e1stico onde jogo um pouco de polvilho por fora da tripa de mico tamb\u00e9m.<br>Todas as vezes em que vou cortar bandas el\u00e1sticas, sejam fitas ou tubos, aproveito para dar uma nova lubrificada com polvilho.<br>Um outro cuidado que tenho \u00e9 que todas as vezes em que tenho que trocar as fitas, aproveito e dou um trato na forquilha passando um pouco de \u00f3leo de peroba, deixo descan\u00e7ar por uma hora e depois passo um pano para retirar o excesso, antes de colocar as fitas el\u00e1sticas.<br>As malhas de couro nunca devem ficar expostas ao sol, mesmo que voc\u00ea as tenha molhado. Se for o caso deixe secar na sombra pacientemente. Caso elas estejam ressecadas, passe vaselina l\u00edquida, deixe descansar por alguns minutos, retire o excesso e deixe para usar s\u00f3 daqui a uns 3 ou 4 dias. Lembre-se que a vaselina \u00e9 \u00f3tima para hidratar o couro, mas \u00e9 fatal para as fitas el\u00e1sticas.<\/p>\n\n\n\n<h2 class=\"wp-block-heading\">Ofertas de sobreviv\u00eancia e buchcraft<\/h2>\n\n\n\n<div class=\"wp-block-columns is-layout-flex wp-container-core-columns-is-layout-9d6595d7 wp-block-columns-is-layout-flex\">\n<div class=\"wp-block-column is-layout-flow wp-block-column-is-layout-flow\"><div class=\"wp-block-image\">\n<figure class=\"aligncenter size-large\"><a href=\"https:\/\/shope.ee\/9p45ekYc9g\" target=\"_blank\" rel=\"noreferrer noopener\"><img loading=\"lazy\" decoding=\"async\" width=\"1024\" height=\"1024\" src=\"https:\/\/estilingueprofissional.com.br\/web\/wp-content\/uploads\/056-1024x1024.jpg\" alt=\"\" class=\"wp-image-297\" srcset=\"https:\/\/estilingueprofissional.com.br\/web\/wp-content\/uploads\/056-1024x1024.jpg 1024w, https:\/\/estilingueprofissional.com.br\/web\/wp-content\/uploads\/056-300x300.jpg 300w, https:\/\/estilingueprofissional.com.br\/web\/wp-content\/uploads\/056-150x150.jpg 150w, https:\/\/estilingueprofissional.com.br\/web\/wp-content\/uploads\/056-768x768.jpg 768w, https:\/\/estilingueprofissional.com.br\/web\/wp-content\/uploads\/056.jpg 1080w\" sizes=\"auto, (max-width: 1024px) 100vw, 1024px\" \/><\/a><figcaption class=\"wp-element-caption\"><a href=\"https:\/\/shope.ee\/9p45ekYc9g\" target=\"_blank\" rel=\"noreferrer noopener\">Clique para ver oferta<\/a><\/figcaption><\/figure>\n<\/div><\/div>\n\n\n\n<div class=\"wp-block-column is-layout-flow wp-block-column-is-layout-flow\"><div class=\"wp-block-image\">\n<figure class=\"aligncenter size-full\"><a href=\"https:\/\/shope.ee\/7zj9cZ8fYn\" target=\"_blank\" rel=\"noreferrer noopener\"><img loading=\"lazy\" decoding=\"async\" width=\"1000\" height=\"1000\" src=\"https:\/\/estilingueprofissional.com.br\/web\/wp-content\/uploads\/057.jpg\" alt=\"\" class=\"wp-image-296\" srcset=\"https:\/\/estilingueprofissional.com.br\/web\/wp-content\/uploads\/057.jpg 1000w, https:\/\/estilingueprofissional.com.br\/web\/wp-content\/uploads\/057-300x300.jpg 300w, https:\/\/estilingueprofissional.com.br\/web\/wp-content\/uploads\/057-150x150.jpg 150w, https:\/\/estilingueprofissional.com.br\/web\/wp-content\/uploads\/057-768x768.jpg 768w\" sizes=\"auto, (max-width: 1000px) 100vw, 1000px\" \/><\/a><figcaption class=\"wp-element-caption\"><a href=\"https:\/\/shope.ee\/7zj9cZ8fYn\" target=\"_blank\" rel=\"noreferrer noopener\">Clique para ver oferta<\/a><\/figcaption><\/figure>\n<\/div><\/div>\n\n\n\n<div class=\"wp-block-column is-layout-flow wp-block-column-is-layout-flow\"><div class=\"wp-block-image\">\n<figure class=\"aligncenter size-full\"><a href=\"https:\/\/shope.ee\/5peq9RBY9g\" target=\"_blank\" rel=\"noreferrer noopener\"><img loading=\"lazy\" decoding=\"async\" width=\"610\" height=\"610\" src=\"https:\/\/estilingueprofissional.com.br\/web\/wp-content\/uploads\/058.jpg\" alt=\"\" class=\"wp-image-295\" srcset=\"https:\/\/estilingueprofissional.com.br\/web\/wp-content\/uploads\/058.jpg 610w, https:\/\/estilingueprofissional.com.br\/web\/wp-content\/uploads\/058-300x300.jpg 300w, https:\/\/estilingueprofissional.com.br\/web\/wp-content\/uploads\/058-150x150.jpg 150w\" sizes=\"auto, (max-width: 610px) 100vw, 610px\" \/><\/a><figcaption class=\"wp-element-caption\"><a href=\"https:\/\/shope.ee\/5peq9RBY9g\" target=\"_blank\" rel=\"noreferrer noopener\">Clique para ver oferta<\/a><\/figcaption><\/figure>\n<\/div><\/div>\n\n\n\n<div class=\"wp-block-column is-layout-flow wp-block-column-is-layout-flow\"><div class=\"wp-block-image\">\n<figure class=\"aligncenter size-large\"><a href=\"https:\/\/shope.ee\/3fTSLv84FU\" target=\"_blank\" rel=\"noreferrer noopener\"><img loading=\"lazy\" decoding=\"async\" width=\"1024\" height=\"1024\" src=\"https:\/\/estilingueprofissional.com.br\/web\/wp-content\/uploads\/059-1024x1024.jpg\" alt=\"\" class=\"wp-image-294\" srcset=\"https:\/\/estilingueprofissional.com.br\/web\/wp-content\/uploads\/059-1024x1024.jpg 1024w, https:\/\/estilingueprofissional.com.br\/web\/wp-content\/uploads\/059-300x300.jpg 300w, https:\/\/estilingueprofissional.com.br\/web\/wp-content\/uploads\/059-150x150.jpg 150w, https:\/\/estilingueprofissional.com.br\/web\/wp-content\/uploads\/059-768x768.jpg 768w, https:\/\/estilingueprofissional.com.br\/web\/wp-content\/uploads\/059.jpg 1080w\" sizes=\"auto, (max-width: 1024px) 100vw, 1024px\" \/><\/a><figcaption class=\"wp-element-caption\"><a href=\"https:\/\/shope.ee\/3fTSLv84FU\" target=\"_blank\" rel=\"noreferrer noopener\">Clique para ver oferta<\/a><\/figcaption><\/figure>\n<\/div><\/div>\n<\/div>\n","protected":false},"excerpt":{"rendered":"<p>Faixas el\u00e1sticas em oferta! Se tem uma experi\u00eancia muito desagrad\u00e1vel \u00e9 voc\u00ea comprar faixas el\u00e1sticas ou tripa de mico para o seu estilingue, guardar durante algum tempo e na hora em que voc\u00ea vai usar, est\u00e1 tudo grudado e melequento!Pois \u00e9 amigos&#8230; isto acontece com muita gente!E como voc\u00ea sabe, os el\u00e1sticos s\u00e3o a vida&hellip; <br \/> <a class=\"read-more\" href=\"https:\/\/estilingueprofissional.com.br\/web\/cuidados-com-as-borrachas-do-estilingue\/\">Leia mais<\/a><\/p>\n","protected":false},"author":1,"featured_media":0,"parent":0,"menu_order":0,"comment_status":"closed","ping_status":"closed","template":"","meta":{"footnotes":""},"class_list":["post-43","page","type-page","status-publish","hentry"],"yoast_head":"<!-- This site is optimized with the Yoast SEO plugin v27.2 - https:\/\/yoast.com\/product\/yoast-seo-wordpress\/ -->\n<title>Cuidados Com as Borrachas do Estilingue - Estilingue Profissional<\/title>\n<meta name=\"robots\" content=\"index, follow, max-snippet:-1, max-image-preview:large, max-video-preview:-1\" \/>\n<link rel=\"canonical\" href=\"https:\/\/estilingueprofissional.com.br\/web\/cuidados-com-as-borrachas-do-estilingue\/\" \/>\n<meta property=\"og:locale\" content=\"pt_BR\" \/>\n<meta property=\"og:type\" content=\"article\" \/>\n<meta property=\"og:title\" content=\"Cuidados Com as Borrachas do Estilingue - Estilingue Profissional\" \/>\n<meta property=\"og:description\" content=\"Faixas el\u00e1sticas em oferta! Se tem uma experi\u00eancia muito desagrad\u00e1vel \u00e9 voc\u00ea comprar faixas el\u00e1sticas ou tripa de mico para o seu estilingue, guardar durante algum tempo e na hora em que voc\u00ea vai usar, est\u00e1 tudo grudado e melequento!Pois \u00e9 amigos&#8230; isto acontece com muita gente!E como voc\u00ea sabe, os el\u00e1sticos s\u00e3o a vida&hellip; Leia mais\" \/>\n<meta property=\"og:url\" content=\"https:\/\/estilingueprofissional.com.br\/web\/cuidados-com-as-borrachas-do-estilingue\/\" \/>\n<meta property=\"og:site_name\" content=\"Estilingue Profissional\" \/>\n<meta property=\"article:publisher\" content=\"https:\/\/www.facebook.com\/estilingueprofissional\" \/>\n<meta property=\"article:modified_time\" content=\"2024-06-02T14:12:09+00:00\" \/>\n<meta property=\"og:image\" content=\"https:\/\/estilingueprofissional.com.br\/web\/wp-content\/uploads\/048-1024x1024.jpg\" \/>\n<meta name=\"twitter:card\" content=\"summary_large_image\" \/>\n<meta name=\"twitter:label1\" content=\"Est. tempo de leitura\" \/>\n\t<meta name=\"twitter:data1\" content=\"3 minutos\" \/>\n<script type=\"application\/ld+json\" class=\"yoast-schema-graph\">{\"@context\":\"https:\/\/schema.org\",\"@graph\":[{\"@type\":\"WebPage\",\"@id\":\"https:\/\/estilingueprofissional.com.br\/web\/cuidados-com-as-borrachas-do-estilingue\/\",\"url\":\"https:\/\/estilingueprofissional.com.br\/web\/cuidados-com-as-borrachas-do-estilingue\/\",\"name\":\"Cuidados Com as Borrachas do Estilingue - Estilingue Profissional\",\"isPartOf\":{\"@id\":\"https:\/\/estilingueprofissional.com.br\/web\/#website\"},\"primaryImageOfPage\":{\"@id\":\"https:\/\/estilingueprofissional.com.br\/web\/cuidados-com-as-borrachas-do-estilingue\/#primaryimage\"},\"image\":{\"@id\":\"https:\/\/estilingueprofissional.com.br\/web\/cuidados-com-as-borrachas-do-estilingue\/#primaryimage\"},\"thumbnailUrl\":\"https:\/\/estilingueprofissional.com.br\/web\/wp-content\/uploads\/048-1024x1024.jpg\",\"datePublished\":\"2024-05-28T21:51:00+00:00\",\"dateModified\":\"2024-06-02T14:12:09+00:00\",\"breadcrumb\":{\"@id\":\"https:\/\/estilingueprofissional.com.br\/web\/cuidados-com-as-borrachas-do-estilingue\/#breadcrumb\"},\"inLanguage\":\"pt-BR\",\"potentialAction\":[{\"@type\":\"ReadAction\",\"target\":[\"https:\/\/estilingueprofissional.com.br\/web\/cuidados-com-as-borrachas-do-estilingue\/\"]}]},{\"@type\":\"ImageObject\",\"inLanguage\":\"pt-BR\",\"@id\":\"https:\/\/estilingueprofissional.com.br\/web\/cuidados-com-as-borrachas-do-estilingue\/#primaryimage\",\"url\":\"https:\/\/estilingueprofissional.com.br\/web\/wp-content\/uploads\/048.jpg\",\"contentUrl\":\"https:\/\/estilingueprofissional.com.br\/web\/wp-content\/uploads\/048.jpg\",\"width\":1080,\"height\":1080,\"caption\":\"xr:d:DAFRFO1d6ko:5,j:40068112104,t:22110512\"},{\"@type\":\"BreadcrumbList\",\"@id\":\"https:\/\/estilingueprofissional.com.br\/web\/cuidados-com-as-borrachas-do-estilingue\/#breadcrumb\",\"itemListElement\":[{\"@type\":\"ListItem\",\"position\":1,\"name\":\"In\u00edcio\",\"item\":\"https:\/\/estilingueprofissional.com.br\/web\/\"},{\"@type\":\"ListItem\",\"position\":2,\"name\":\"Cuidados Com as Borrachas do Estilingue\"}]},{\"@type\":\"WebSite\",\"@id\":\"https:\/\/estilingueprofissional.com.br\/web\/#website\",\"url\":\"https:\/\/estilingueprofissional.com.br\/web\/\",\"name\":\"Estilingue Profissional\",\"description\":\"\",\"potentialAction\":[{\"@type\":\"SearchAction\",\"target\":{\"@type\":\"EntryPoint\",\"urlTemplate\":\"https:\/\/estilingueprofissional.com.br\/web\/?s={search_term_string}\"},\"query-input\":{\"@type\":\"PropertyValueSpecification\",\"valueRequired\":true,\"valueName\":\"search_term_string\"}}],\"inLanguage\":\"pt-BR\"}]}<\/script>\n<!-- \/ Yoast SEO plugin. -->","yoast_head_json":{"title":"Cuidados Com as Borrachas do Estilingue - Estilingue Profissional","robots":{"index":"index","follow":"follow","max-snippet":"max-snippet:-1","max-image-preview":"max-image-preview:large","max-video-preview":"max-video-preview:-1"},"canonical":"https:\/\/estilingueprofissional.com.br\/web\/cuidados-com-as-borrachas-do-estilingue\/","og_locale":"pt_BR","og_type":"article","og_title":"Cuidados Com as Borrachas do Estilingue - Estilingue Profissional","og_description":"Faixas el\u00e1sticas em oferta! Se tem uma experi\u00eancia muito desagrad\u00e1vel \u00e9 voc\u00ea comprar faixas el\u00e1sticas ou tripa de mico para o seu estilingue, guardar durante algum tempo e na hora em que voc\u00ea vai usar, est\u00e1 tudo grudado e melequento!Pois \u00e9 amigos&#8230; isto acontece com muita gente!E como voc\u00ea sabe, os el\u00e1sticos s\u00e3o a vida&hellip; Leia mais","og_url":"https:\/\/estilingueprofissional.com.br\/web\/cuidados-com-as-borrachas-do-estilingue\/","og_site_name":"Estilingue Profissional","article_publisher":"https:\/\/www.facebook.com\/estilingueprofissional","article_modified_time":"2024-06-02T14:12:09+00:00","og_image":[{"url":"https:\/\/estilingueprofissional.com.br\/web\/wp-content\/uploads\/048-1024x1024.jpg","type":"","width":"","height":""}],"twitter_card":"summary_large_image","twitter_misc":{"Est. tempo de leitura":"3 minutos"},"schema":{"@context":"https:\/\/schema.org","@graph":[{"@type":"WebPage","@id":"https:\/\/estilingueprofissional.com.br\/web\/cuidados-com-as-borrachas-do-estilingue\/","url":"https:\/\/estilingueprofissional.com.br\/web\/cuidados-com-as-borrachas-do-estilingue\/","name":"Cuidados Com as Borrachas do Estilingue - Estilingue Profissional","isPartOf":{"@id":"https:\/\/estilingueprofissional.com.br\/web\/#website"},"primaryImageOfPage":{"@id":"https:\/\/estilingueprofissional.com.br\/web\/cuidados-com-as-borrachas-do-estilingue\/#primaryimage"},"image":{"@id":"https:\/\/estilingueprofissional.com.br\/web\/cuidados-com-as-borrachas-do-estilingue\/#primaryimage"},"thumbnailUrl":"https:\/\/estilingueprofissional.com.br\/web\/wp-content\/uploads\/048-1024x1024.jpg","datePublished":"2024-05-28T21:51:00+00:00","dateModified":"2024-06-02T14:12:09+00:00","breadcrumb":{"@id":"https:\/\/estilingueprofissional.com.br\/web\/cuidados-com-as-borrachas-do-estilingue\/#breadcrumb"},"inLanguage":"pt-BR","potentialAction":[{"@type":"ReadAction","target":["https:\/\/estilingueprofissional.com.br\/web\/cuidados-com-as-borrachas-do-estilingue\/"]}]},{"@type":"ImageObject","inLanguage":"pt-BR","@id":"https:\/\/estilingueprofissional.com.br\/web\/cuidados-com-as-borrachas-do-estilingue\/#primaryimage","url":"https:\/\/estilingueprofissional.com.br\/web\/wp-content\/uploads\/048.jpg","contentUrl":"https:\/\/estilingueprofissional.com.br\/web\/wp-content\/uploads\/048.jpg","width":1080,"height":1080,"caption":"xr:d:DAFRFO1d6ko:5,j:40068112104,t:22110512"},{"@type":"BreadcrumbList","@id":"https:\/\/estilingueprofissional.com.br\/web\/cuidados-com-as-borrachas-do-estilingue\/#breadcrumb","itemListElement":[{"@type":"ListItem","position":1,"name":"In\u00edcio","item":"https:\/\/estilingueprofissional.com.br\/web\/"},{"@type":"ListItem","position":2,"name":"Cuidados Com as Borrachas do Estilingue"}]},{"@type":"WebSite","@id":"https:\/\/estilingueprofissional.com.br\/web\/#website","url":"https:\/\/estilingueprofissional.com.br\/web\/","name":"Estilingue Profissional","description":"","potentialAction":[{"@type":"SearchAction","target":{"@type":"EntryPoint","urlTemplate":"https:\/\/estilingueprofissional.com.br\/web\/?s={search_term_string}"},"query-input":{"@type":"PropertyValueSpecification","valueRequired":true,"valueName":"search_term_string"}}],"inLanguage":"pt-BR"}]}},"_links":{"self":[{"href":"https:\/\/estilingueprofissional.com.br\/web\/wp-json\/wp\/v2\/pages\/43","targetHints":{"allow":["GET"]}}],"collection":[{"href":"https:\/\/estilingueprofissional.com.br\/web\/wp-json\/wp\/v2\/pages"}],"about":[{"href":"https:\/\/estilingueprofissional.com.br\/web\/wp-json\/wp\/v2\/types\/page"}],"author":[{"embeddable":true,"href":"https:\/\/estilingueprofissional.com.br\/web\/wp-json\/wp\/v2\/users\/1"}],"replies":[{"embeddable":true,"href":"https:\/\/estilingueprofissional.com.br\/web\/wp-json\/wp\/v2\/comments?post=43"}],"version-history":[{"count":10,"href":"https:\/\/estilingueprofissional.com.br\/web\/wp-json\/wp\/v2\/pages\/43\/revisions"}],"predecessor-version":[{"id":402,"href":"https:\/\/estilingueprofissional.com.br\/web\/wp-json\/wp\/v2\/pages\/43\/revisions\/402"}],"wp:attachment":[{"href":"https:\/\/estilingueprofissional.com.br\/web\/wp-json\/wp\/v2\/media?parent=43"}],"curies":[{"name":"wp","href":"https:\/\/api.w.org\/{rel}","templated":true}]}}